54 a multiple of 8?
False
Is 120 a multiple of 29?
False
Is 3237 a multiple of 14?
False
Does 10 divide 24830?
True
Is 278 a multiple of 56?
False
Is 22 a factor of 792?
True
Does 12 divide 60?
True
Does 22 divide 1166?
True
Does 93 divide 4304?
False
Is 264 a multiple of 12?
True
Is 3 a factor of 333?
True
Is 25 a factor of 3015?
False
Is 11 a factor of 11605?
True
Is 10661 a multiple of 20?
False
Is 146 even?
True
Is 12196 a multiple of 50?
False
Does 115 divide 99599?
False
Is 1069 a multiple of 43?
False
Is 10 a factor of 295?
False
Is 14 a factor of 19628?
True
Does 57 divide 725?
False
Is 32112 a multiple of 152?
False
Is 15925 a multiple of 4?
False
Is 15750 a multiple of 21?
True
Does 42 divide 1764?
True
Does 3 divide 24185?
False
Does 3 divide 45941?
False
Is 7763 a multiple of 74?
False
Does 6 divide 365?
False
Is 5 a factor of 8577?
False
Does 48 divide 1104?
True
Is 16 a factor of 3800?
False
Is 2938 even?
True
Is 15 a factor of 107?
False
Does 2 divide 1843?
False
Is 51776 a multiple of 15?
False
Does 4 divide 17406?
False
Does 45 divide 1350?
True
Is 3632 a multiple of 44?
False
Is 129 a factor of 31089?
True
Is 880 a multiple of 20?
True
Is 31 a factor of 895?
False
Does 21 divide 1388?
False
Is 68296 a multiple of 205?
False
Is 29 a factor of 506?
False
Does 11 divide 627?
True
Does 206 divide 45949?
False
Is 27484 a multiple of 30?
False
Does 14 divide 1117?
False
Is 3 a factor of 160?
False
Is 4 a factor of 317?
False
Is 15 a factor of 45930?
True
Does 10 divide 137?
False
Is 5220 a multiple of 116?
True
Is 1186 a multiple of 18?
False
Is 33 a factor of 8547?
True
Does 6 divide 237?
False
Is 10 a factor of 1862?
False
Is 45 a factor of 421?
False
Is 42 a multiple of 3?
True
Is 287 a multiple of 39?
False
Is 11 a factor of 4180?
True
Is 17871 a multiple of 161?
True
Is 1559 a multiple of 26?
False
Is 1719 a multiple of 9?
True
Does 15 divide 1470?
True
Is 31 a factor of 359?
False
Is 2774 a multiple of 9?
False
Is 14773 a multiple of 252?
False
Is 2141 a multiple of 7?
False
Does 127 divide 2921?
True
Is 30 a factor of 8071?
False
Does 25 divide 1112?
False
Is 10 a factor of 380?
True
Does 249 divide 15530?
False
Is 71899 a multiple of 5?
False
Is 55 a factor of 495?
True
Is 4444 a multiple of 11?
True
Is 147 a multiple of 21?
True
Is 462 a multiple of 66?
True
Does 4 divide 504?
True
Does 10 divide 3240?
True
Is 13 a factor of 41821?
True
Does 32 divide 64?
True
Is 2634 a multiple of 9?
False
Is 591 a multiple of 7?
False
Does 13 divide 84987?
False
Is 24104 a multiple of 8?
True
Does 5 divide 19894?
False
Is 4 a factor of 1021?
False
Is 4766 a multiple of 53?
False
Is 500 a multiple of 25?
True
Is 1288 a multiple of 22?
False
Does 142 divide 16756?
True
Is 9 a factor of 270?
True
Does 28 divide 14000?
True
Does 25 divide 150100?
True
Does 121 divide 173?
False
Does 72 divide 3181?
False
Is 14 a factor of 1959?
False
Does 13 divide 442?
True
Is 22 a factor of 2115?
False
Does 9 divide 1539?
True
Is 137 a factor of 32880?
True
Does 12 divide 1377?
False
Is 8845 a multiple of 29?
True
Is 97 a factor of 548?
False
Is 14 a factor of 93904?
False
Does 71 divide 3621?
True
Is 4 a factor of 157?
False
Does 11 divide 616?
True
Is 52 a factor of 47507?
False
Does 42 divide 13818?
True
Does 41 divide 503?
False
Is 40936 a multiple of 18?
False
Does 44 divide 484?
True
Does 12 divide 456?
True
Is 3523 a multiple of 35?
False
Does 85 divide 2465?
True
Does 28 divide 25536?
True
Is 509 a multiple of 3?
False
Is 616 a multiple of 14?
True
Is 19 a factor of 1174?
False
Does 10 divide 426?
False
Is 270 even?
True
Does 137 divide 2733?
False
Does 51 divide 24988?
False
Is 46 a factor of 843?
False
Is 837 a multiple of 12?
False
Is 16687 a multiple of 37?
True
Is 31 a factor of 167?
False
Is 7973 a multiple of 119?
True
Is 13869 a multiple of 67?
True
Is 132 a factor of 105996?
True
Is 3 a factor of 61?
False
Is 10 a factor of 360?
True
Is 43 a factor of 6407?
True
Does 10 divide 2858?
False
Is 5 a factor of 1118?
False
Is 10134 a multiple of 6?
True
Is 157 a factor of 15700?
True
Does 5 divide 2665?
True
Is 3105 a multiple of 45?
True
Is 11 a factor of 3036?
True
Is 12 a factor of 36?
True
Does 5 divide 150?
True
Is 6 a factor of 122?
False
Does 225 divide 61115?
False
Does 20 divide 228?
False
Is 349 a multiple of 48?
False
Is 26201 a multiple of 48?
False
Is 29 a factor of 2958?
True
Does 57 divide 8920?
False
Does 2 divide 1138?
True
Does 7 divide 917?
True
Is 84 a factor of 252?
True
Is 2416 a multiple of 18?
False
Is 11 a factor of 165?
True
Is 10728 a multiple of 36?
True
Is 3060 a multiple of 30?
True
Is 92 a factor of 19330?
False
Is 773 a multiple of 12?
False
Is 62458 a multiple of 167?
True
Is 1096 a multiple of 21?
False
Is 62 a factor of 31930?
True
Is 24 a factor of 3288?
True
Does 68 divide 226?
False
Is 3 a factor of 4189?
False
Is 16 a factor of 39520?
True
Is 122 a multiple of 6?
False
Is 35 a factor of 3045?
True
Does 12 divide 35592?
True
Is 344 a factor of 35432?
True
Is 920 a multiple of 41?
False
Is 701 a multiple of 9?
False
Does 3 divide 737?
False
Is 43 a factor of 996?
False
Does 9 divide 2075?
False
Is 61 a factor of 19154?
True
Is 82 a factor of 1394?
True
Is 3 a factor of 403?
False
Is 43 a factor of 7862?
False
Is 6542 a multiple of 4?
False
Does 27 divide 2249?
False
Is 10504 a multiple of 26?
True
Is 5102 a multiple of 24?
False
Is 1754 a multiple of 5?
False
Does 56 divide 17987?
False
Does 36 divide 662?
False
Does 133 divide 4010?
False
Is 13 a factor of 637?
True
Does 4 divide 380?
True
Is 834 a multiple of 44?
False
Does 64 divide 20947?
False
Does 10 divide 1878?
False
Is 38 a factor of 123370?
False
Does 66 divide 5245?
False
Is 138 a factor of 828?
True
Is 115 a factor of 116495?
True
Does 50 divide 14900?
True
Is 56 a multiple of 4?
True
Is 25 a factor of 4350?
True
Is 19932 a multiple of 33?
True
Is 67813 a multiple of 50?
False
Does 11 divide 4879?
False
Does 47 divide 735?
False
Does 23 divide 2484?
True
Is 35 a factor of 90591?
False
Does 7 divide 875?
True
Is 10 a factor of 2940?
True
Is 2 a factor of 511?
False
Does 3 divide 83?
False
Is 5350 a multiple of 84?
False
Is 3650 a multiple of 30?
False
Does 22 divide 853?
False
Is 11840 a multiple of 64?
True
Is 163 a factor of 7824?
True
Does 19 divide 437?
True
Is 2364 a multiple of 12?
True
Is 5 a factor of 791?
False
Is 360 a multiple of 60?
True
Is 14 a factor of 1330?
True
Does 5 divide 7757?
False
Is 8120 a multiple of 140?
True
Is 2356 a multiple of 31?
True
Does 9 divide 209?
False
Does 12 divide 39850?
False
Does 10 divide 14940?
True
Is 3 a factor of 212?
False
Does 6 divide 186?
True
Is 59 a factor of 1534?
True
Is 28898 a multiple of 50?
False
Is 22 a factor of 7348?
True
Is 39599 a multiple of 7?
True
Is 3 a factor of 112?
False
Is 429 a multiple of 11?
True
Is 26 a factor of 2470?
True
Is 2126 a multiple of 2?
True
Is 2610 a multiple of 18?
True
Is 19 a factor of 5547?
False
Does 22 divide 11748?
True
Does 17 divide 1003?
True
Is 7239 a multiple of 11?
False
Is 5 a factor of 1067?
False
Does 14 divide 6329?
False
Is 36 a multiple of 36?
True
Is 53 a factor of 307?
False
Does 226 divide 70166?
False
Is 1750 a multiple of 35?
True
Is 26 a factor of 1010?
False
Is 3068 a multiple of 13?
True
Is 15 a factor of 1410?
True
Is 3502 a multiple of 17?
True
Is 9 a factor of 6808?
False
Does 58 divide 81258?
True
Does 11 divide 1540?
True
Does 82 divide 82?
True
Does 56 divide 38330?
False
Is 10 a factor of 510?
True
Is 189 a multiple of 27?
True
Does 80 divide 8023?
False
Does 16 divide 51584?
True
Is 510 a multiple of 22?
False
Is 8 a factor of 4062?
False
Does 11 divide 2013?
True
Does 20 divide 2354?
False
Does 6 divide 7974?
True
Is 1152 a multiple of 48?
True
Is 408 a multiple of 12?
True
Is 96 a factor of 22492?
False
Does 20 divide 1542?
False
Is 79 a factor of 179?
False
Is 168 a factor of 3192?
True
Is 9665 a multiple of 38?
False
Is 11232 a multiple of 78?
True
Is 26 a factor of 27740?
False
Does 11 divide 1386?
True
Is 166 a factor of 71380?
True
Is 10115 a multiple of 18?
False
Is 172 a factor of 18038?
False
Does 54 divide 486?
True
Is 16 a multiple of 7?
False
Does 66 divide 3116?
False
Is 1554 a multiple of 14?
True
Is 317 a